mposite?
False
Is 20635067 a prime number?
False
Is 93373507 composite?
False
Is 31353011 a composite number?
True
Is 79475621 prime?
True
Is 88079 prime?
True
Is 609491 prime?
False
Is 261075037 prime?
True
Is 1031593 a composite number?
False
Is 7894553 composite?
True
Is 1299437 a prime number?
True
Is 18166817 a composite number?
False
Is 3792661 a prime number?
True
Is 4797157 prime?
False
Is 2923897 composite?
False
Is 3038089 a composite number?
False
Is 633639 a prime number?
False
Is 169680157 a prime number?
False
Is 141845369 a prime number?
False
Is 392743 prime?
False
Is 17586187 a prime number?
True
Is 2586799 composite?
False
Is 149931763 prime?
True
Is 1548517 composite?
False
Is 20518549 a composite number?
True
Is 4586227 a composite number?
False
Is 1791403 composite?
False
Is 950947 a composite number?
False
Is 85411 a composite number?
False
Is 1484401 prime?
False
Is 894347 a prime number?
False
Is 223042135 composite?
True
Is 156306379 composite?
False
Is 143671289 a prime number?
True
Is 3266659 a composite number?
True
Is 400294443 prime?
False
Is 13498487 prime?
False
Is 1284365 prime?
False
Is 1911337 a prime number?
False
Is 6686983 composite?
False
Is 26042311 a composite number?
True
Is 2986147 composite?
True
Is 2997289 a composite number?
True
Is 24898867 a composite number?
True
Is 856027 a prime number?
False
Is 24720169 composite?
True
Is 85330165 a composite number?
True
Is 272671067 a composite number?
False
Is 316145339 composite?
False
Is 76347587 composite?
True
Is 100190203 prime?
True
Is 335711 composite?
True
Is 3752759 composite?
False
Is 37746467 a prime number?
False
Is 11449621 composite?
True
Is 34273337 a composite number?
True
Is 87280579 a composite number?
True
Is 141129431 prime?
True
Is 27476459 a composite number?
True
Is 59800493 prime?
True
Is 6729991 prime?
True
Is 25797661 a composite number?
False
Is 328065107 composite?
False
Is 9076451 a composite number?
False
Is 16497419 a prime number?
True
Is 1580119 a composite number?
False
Is 255313 a composite number?
False
Is 2401187 a prime number?
False
Is 52724849 prime?
False
Is 29327 prime?
True
Is 195634843 a composite number?
False
Is 2958721 a prime number?
True
Is 282452797 a composite number?
True
Is 794593 composite?
False
Is 12866917 composite?
True
Is 16864993 composite?
False
Is 3898918 a prime number?
False
Is 2872689 a prime number?
False
Is 613307 prime?
False
Is 705349 a composite number?
True
Is 616445 a composite number?
True
Is 112070143 composite?
True
Is 429037 prime?
False
Is 139463497 a composite number?
False
Is 17317927 prime?
False
Is 953321 a prime number?
True
Is 7679881 composite?
True
Is 255359161 prime?
True
Is 24683861 prime?
True
Is 8957771 composite?
False
Is 6252809 composite?
True
Is 2310953 a prime number?
True
Is 12690933 prime?
False
Is 828007 composite?
False
Is 2174817 a prime number?
False
Is 12994019 a composite number?
True
Is 1695455 a composite number?
True
Is 18233317 a prime number?
False
Is 89608063 prime?
True
Is 6538891 prime?
False
Is 141296329 a prime number?
True
Is 9588599 a composite number?
False
Is 4318999 a prime number?
False
Is 150925423 a composite number?
True
Is 381167 a composite number?
False
Is 17622427 a composite number?
False
Is 20186281 prime?
True
Is 71893543 prime?
False
Is 49231579 composite?
False
Is 26669681 prime?
True
Is 44542187 prime?
True
Is 258132293 a composite number?
False
Is 20054977 composite?
False
Is 95657561 a prime number?
False
Is 23242451 a prime number?
False
Is 38171789 composite?
True
Is 2191843 a composite number?
True
Is 7581989 prime?
True
Is 19557587 a composite number?
True
Is 14416849 prime?
True
Is 330874 prime?
False
Is 38406073 a composite number?
False
Is 5428187 a composite number?
False
Is 6340843 composite?
False
Is 423821 a composite number?
True
Is 36340589 a prime number?
True
Is 1605127 composite?
False
Is 9372995 a composite number?
True
Is 126602897 a prime number?
True
Is 252218941 a composite number?
True
Is 4332089 composite?
False
Is 469747 a composite number?
False
Is 65832709 composite?
True
Is 65189291 a prime number?
False
Is 5852653 prime?
True
Is 1907891 a prime number?
False
Is 8787767 a composite number?
True
Is 2069966 a composite number?
True
Is 11164483 composite?
True
Is 18709967 composite?
True
Is 624889 a composite number?
True
Is 17147531 a composite number?
False
Is 401686 a composite number?
True
Is 914151371 a composite number?
True
Is 25385219 prime?
False
Is 91767583 composite?
False
Is 2078519 a prime number?
False
Is 4300715 composite?
True
Is 1825013 composite?
True
Is 661087487 a prime number?
True
Is 4166899 a composite number?
True
Is 20483389 a composite number?
True
Is 534503 a composite number?
True
Is 22972291 a composite number?
True
Is 9227357 composite?
False
Is 25212643 a composite number?
False
Is 2429327 prime?
False
Is 4236517 a composite number?
True
Is 7420018 a prime number?
False
Is 530809 prime?
False
Is 317075305 a prime number?
False
Is 1147501 composite?
True
Is 5407489 a composite number?
True
Is 31633738 a composite number?
True
Is 47906567 a prime number?
False
Is 4027993 prime?
True
Is 215576861 prime?
False
Is 30701791 composite?
True
Is 66006667 composite?
False
Is 192832135 composite?
True
Is 847983 a composite number?
True
Is 1233073 prime?
True
Is 1604423 prime?
False
Is 30499543 a prime number?
True
Is 31183153 prime?
True
Is 106353223 composite?
True
Is 80893217 a prime number?
False
Is 193816049 composite?
True
Is 717779077 prime?
True
Is 305609 a composite number?
True
Is 1166213 composite?
False
Is 67631 a composite number?
False
Is 583415947 a prime number?
False
Is 279667433 prime?
True
Is 173521 a prime number?
False
Is 1397243 prime?
False
Is 2783447 a composite number?
False
Is 365194685 prime?
False
Is 212711 prime?
False
Is 14545451 prime?
False
Is 1173059 a composite number?
False
Is 22402381 a composite number?
False
Is 963839 a prime number?
True
Is 62501107 prime?
True
Is 748133 prime?
True
Is 57243671 composite?
True
Is 448352293 prime?
True
Is 1329799 a composite number?
False
Is 3109693 a prime number?
True
Is 479334539 prime?
True
Is 57795382 composite?
True
Is 94158697 prime?
True
Is 957285361 prime?
True
Is 272883902 a prime number?
False
Is 60694846 a prime number?
False
Is 6130617 composite?
True
Is 39052358 a composite number?
True
Is 1550657 a prime number?
False
Is 80880817 prime?
True
Is 6394997 a prime number?
False
Is 14790679 a composite number?
True
Is 8238917 prime?
False
Is 1618889 a composite number?
True
Is 277633 a prime number?
False
Is 146613067 a prime number?
False
Is 12770789 prime?
True
Is 30636929 a composite number?
False
Is 14162833 a prime number?
True
Is 150970805 prime?
False
Is 38909069 a composite number?
False
Is 29550379 prime?
True
Is 45906589 prime?
False
Is 118774583 a composite number?
True
Is 46664239 composite?
False
Is 5447941 composite?
True
Is 5323139 a prime number?
True
Is 120196267 composite?
False
Is 97899463 a prime number?
False
Is 95995967 a composite number?
True
Is 11844659 composite?
True
Is 13700695 composite?
True
Is 109659733 prime?
False
Is 495540703 composite?
True
Is 7558399 a composite number?
True
Is 4843669 a prime number?
True
Is 89824531 composite?
False
Is 42147269 prime?
True
Is 59837783 a prime number?
False
Is 297719986 composite?
True
Is 220717531 prime?
True
Is 146494753 a composite number?
False
Is 8360629 composite?
False
Is 62641531 a prime number?
True
Is 266636521 composite?
True
Is 374587 a composite number?
False
Is 134637731 a composite number?
False
Is 59805769 prime?
False
Is 7527511 composite?
True
Is 23921489 a composite number?
False
Is 9726221 a prime number?
True
Is 4570753 composite?
True
Is 20058837 a composite number?
True
Is 27890339 a composite number?
False
Is 1197859 composite?
True
Is 3663014 composite?
True
Is 2896207 a prime number?
True
Is 41419693 composite?
True
Is 17856689 a composite number?
True
Is 1299731 a prime number?
False
Is 1241467 a prime number?
True
Is 491131 prime?
False
Is 63311629 prime?
False
Is 11365037 a prime number?
True
Is 3055378 a prime number?
False
Is 90143439 prime?
False
Is 1983301 a composite number?
False
Is 2564189 pri